What is -20021032 (base 4) in base 16?
-824e
-490 (base 15) to base 16
-40b
Convert 110211 (base 3) to base 14.
1aa
Convert 11a1a (base 14) to base 9.
65157
What is 179a5 (base 14) in base 4?
32202031
What is -11846 (base 13) in base 3?
-1122010102
Convert 11100110110 (base 2) to base 10.
1846
What is 101210 (base 3) in base 14?
16b
28a (base 11) to base 8
524
Convert -45066 (base 7) to base 6.
-124343
What is 54 (base 6) in base 9?
37
-13416 (base 10) to base 13
-6150
11098 (base 12) to base 7
122555
Convert 17435 (base 10) to base 8.
42033
4681 (base 15) to base 11
10280
Convert -100121 (base 4) to base 13.
-629
Convert b1 (base 14) to base 9.
182
Convert 20223200 (base 4) to base 5.
2114202
Convert 2c7 (base 13) to base 6.
2153
Convert 10111100110100 (base 2) to base 16.
2f34
-106324 (base 7) to base 10
-19030
-430340 (base 5) to base 16
-3886
Convert 101012102 (base 3) to base 8.
16414
What is -18d7 (base 14) in base 4?
-1012111
What is 2880 (base 10) in base 14?
109a
What is 1cc1 (base 15) in base 16?
1870
Convert 10a5 (base 11) to base 10.
1446
What is -17651 (base 8) in base 6?
-101305
What is 20000101 (base 3) in base 14?
1852
-22836 (base 9) to base 13
-6c3c
Convert 142133 (base 5) to base 3.
22010012
Convert -25139 (base 10) to base 2.
-110001000110011
What is 216 (base 12) in base 10?
306
Convert 101011 (base 3) to base 16.
112
cb8 (base 13) to base 8
4203
What is -2486 (base 10) in base 8?
-4666
164 (base 7) to base 5
340
What is -10117 (base 8) in base 9?
-5648
What is 10011101101 (base 2) in base 14?
661
What is -13330301 (base 4) in base 10?
-32561
1110010012 (base 3) to base 12
14605
What is -393b (base 14) in base 13?
-4760
-13215 (base 6) to base 2
-11111101011
-3436 (base 13) to base 6
-53504
-6077 (base 9) to base 15
-14b4
What is -1c (base 15) in base 12?
-23
What is -1110222 (base 3) in base 2?
-10000110111
What is 1001001001011 (base 2) in base 5?
122213
What is 27d (base 15) in base 3?
210001
What is -2122100 (base 4) in base 10?
-9872
Convert 101022011 (base 3) to base 7.
30616
What is -3225 (base 8) in base 14?
-885
What is -244 (base 5) in base 10?
-74
474 (base 16) to base 12
7b0
-441 (base 15) to base 13
-58c
-314232 (base 6) to base 8
-61754
7959 (base 12) to base 16
3495
What is -1412 (base 8) in base 14?
-3d8
-1c59 (base 14) to base 13
-2481
Convert -141 (base 7) to base 5.
-303
What is -19 (base 10) in base 13?
-16
13151 (base 12) to base 16
660d
Convert 11441 (base 5) to base 11.
722
110010100001 (base 2) to base 10
3233
-d725 (base 14) to base 8
-110325
What is 223 (base 11) in base 5?
2032
2151 (base 7) to base 8
1403
What is 1125 (base 6) in base 2?
100001101
ac67 (base 14) to base 13
107a9
280 (base 10) to base 5
2110
-20025 (base 6) to base 8
-5061
-131145 (base 8) to base 14
-12901
Convert 540544 (base 6) to base 15.
d1b7
-222664 (base 7) to base 6
-502334
Convert 2221210 (base 3) to base 9.
2853
-34342 (base 5) to base 3
-10101120
353465 (base 7) to base 14
192dc
Convert -26464 (base 7) to base 15.
-2187
-3113321 (base 4) to base 3
-200221202
-2220 (base 3) to base 12
-66
What is 3111 (base 4) in base 16?
d5
25 (base 7) to base 15
14
Convert 221011102 (base 3) to base 15.
567e
1312445 (base 6) to base 3
10122121102
Convert 13444 (base 8) to base 6.
43232
-1040 (base 5) to base 6
-401
What is -1885 (base 9) in base 3?
-1222212
-7b0 (base 12) to base 2
-10001110100
What is -332 (base 10) in base 11?
-282
What is -20303 (base 4) in base 7?
-1433
1313 (base 5) to base 9
251
What is -2721 (base 11) in base 12?
-2064
Convert 15a (base 16) to base 5.
2341
-1603 (base 13) to base 6
-22514
-303 (base 10) to base 15
-153
115c (base 13) to base 5
34233
Convert 3114 (base 5) to base 8.
631
Convert -25a (base 16) to base 8.
-1132
What is -74da (base 14) in base 10?
-20184
Convert -1212 (base 5) to base 16.
-b6
What is -21210 (base 3) in base 11?
-181
39b7 (base 12) to base 4
1213123
Convert -20020201 (base 3) to base 12.
-2777
Convert 6184 (base 10) to base 2.
1100000101000
-101010101111 (base 2) to base 6
-20355
What is 4467 (base 13) in base 10?
9549
Convert -688 (base 9) to base 2.
-1000110110
1410 (base 7) to base 8
1042
Convert 11213 (base 5) to base 7.
2233
Convert 1b3 (base 15) to base 8.
611
Convert -197b8 (base 14) to base 2.
-1111110010000110
Convert -1443 (base 6) to base 11.
-322
What is -676 (base 10) in base 11?
-565
What is 1040 (base 7) in base 11?
308
Convert d32 (base 16) to base 8.
6462
9a32 (base 14) to base 10
26700
What is -1244122 (base 5) in base 8?
-60520
194d (base 15) to base 16
1561
Convert 18374 (base 9) to base 12.
7427
Convert 101010100011 (base 2) to base 11.
2056
What is 140434 (base 8) in base 15?
e9ab
Convert 34225 (base 7) to base 16.
21f4
What is 427 (base 12) in base 8?
1137
Convert -3439 (base 16) to base 7.
-53656
What is -10101111010101 (base 2) in base 13?
-5152
-23211020 (base 4) to base 10
-47432
Convert -1202111 (base 3) to base 10.
-1282
Convert 1286 (base 10) to base 12.
8b2
-1002121 (base 3) to base 2
-1100011111
Convert 42340 (base 6) to base 13.
2802
Convert -4424 (base 5) to base 4.
-21212
Convert 1021012211 (base 3) to base 16.
616f
What is 12314 (base 12) in base 6?
310024
What is 10000011011010 (base 2) in base 9?
12474
What is -2215 (base 13) in base 16?
-128e
Convert -1677 (base 12) to base 2.
-101001111011
1210100 (base 3) to base 5
20210
Convert -1652 (base 10) to base 8.
-3164
852 (base 10) to base 2
1101010100
What is 36928 (base 11) in base 2?
1100111100100100
Convert 12ad (base 16) to base 13.
223a
Convert -136 (base 15) to base 16.
-114
634 (base 7) to base 12
227
-256 (base 14) to base 7
-1236
What is -7889 (base 13) in base 8?
-40714
What is -1380d (base 14) in base 16?
-bc65
What is 33 (base 14) in base 3?
1200
What is -6223 (base 10) in base 6?
-44451
What is -4441 (base 16) in base 5?
-1024343
-100110101110101 (base 2) to base 13
-9044
Convert 20210012 (base 4) to base 9.
53105
What is 518 (base 10) in base 16?
206
-13a7 (base 14) to base 3
-11202212
What is 1022101120 (base 3) in base 6?
315240
Convert -7c04 (base 15) to base 3.
-1100010011
b24 (base 16) to base 15
ca2
What is -2044111 (base 5) in base 6?
-422413
-256 (base 9) to base 12
-159
-2aeb (base 16) to base 6
-122511
What is -110000010010 (base 2) in base 15?
-db0
-1a6a (base 11) to base 5
-40432
1101010111 (base 2) to base 8
1527
What is -856 (base 9) in base 10?
-699
11010112 (base 3) to base 10
3011
Convert 2375 (base 12) to base 16.
f89
-1111101110111 (base 2) to base 14
-2d15
What is 77b (base 13) in base 15?
5aa
What is -784 (base 14) in base 6?
-10520
Convert -1007 (base 14) to base 12.
-1713
1011111011 (base 2) to base 3
1001021
Convert 101313 (base 5) to base 11.
2560
What is -2b6f (base 16) in base 4?
-2231233
Convert 11101101101010 (base 2) to base 9.
22770
Convert -111001000101100 (base 2) to base 4.
-13020230
402 (base 7) to base 4
3012
What is 1258 (base 9) in base 10?
944
Convert -301303 (base 5) to base 3.
-111010202
Convert 102020 (base 3) to base 13.
1a4
Convert -1352 (base 7) to base 8.
-1017
What is -98b (base 13) in base 15?
-741
What is -1b8a (base 13) in base 6?
-31150
Convert 153 (base 13) to base 15.
10c
What is -d77 (base 16) in base 10?
-3447
3511 (base 7) to base 4
110002
-220220 (base 3) to base 12
-480
What is 180 (base 16) in base 10?
384
Convert 24445 (base 8) to base 13.
4a43
-2a9b (base 12) to base 16
-1397
What is 1624 (base 9) in base 7?
3415
-d25d (base 15) to base 14
-12285
1992 (base 15) to base 2
1010110100001
What is 3270 (base 9) in base 5?
34122
11534 (base 7) to base 13
14ab
Convert -979 (base 14) to base 15.
-84b
28120 (base 9) to base 4
10221231
-1284 (base 12) to base 7
-6112
Convert 1b9 (base 15) to base 10.
399
Convert 10021 (base 3) to base 10.
88
-606 (base 11) to base 12
-510
What is 776 (base 13) in base 6?
5532
-412 (base 7) to base 11
-177
-487 (base 9) to base 13
-250
Convert 21a (base 12) to base 2.
100110110
What is -21 (base 11) in base 5?
-43
What is 3131 (base 6) in base 4?
22333
Convert -237 (base 10) to base 4.
-3231
Convert 21113300 (base 4) to base 8.
112760
554 (base 13) to base 4
32102
605 (base 7) to base 16
12b
Convert 10022202 (base 3) to base 15.
ab8
32520 (base 6) to base 16
11a0
-110450 (base 6) to base 13
-4293
